{"id":78,"date":"2024-01-11T14:08:41","date_gmt":"2024-01-11T14:08:41","guid":{"rendered":"https:\/\/elbe.markvoelker.de\/?page_id=78"},"modified":"2024-01-18T22:43:25","modified_gmt":"2024-01-18T21:43:25","slug":"tools-und-produkte","status":"publish","type":"page","link":"https:\/\/elbe-innovations.de\/index.php\/tools-und-produkte\/","title":{"rendered":"Tools und Produkte"},"content":{"rendered":"\n<div class=\"wp-block-group alignwide has-global-padding is-layout-constrained wp-block-group-is-layout-constrained\">\n<p><br><br><\/p>\n\n\n\n<div class=\"wp-block-columns alignwide is-layout-flex wp-container-core-columns-is-layout-28f84493 wp-block-columns-is-layout-flex\">\n<div class=\"wp-block-column is-layout-flow wp-block-column-is-layout-flow\">\n<p>Manchmal ist der Einsatz von Tools in Projekten sinnvoll. Um eine wertsch\u00e4tzende Feedbackkultur oder starke Arbeitgebermarke aufzubauen oder im Einzelcoaching das ganz individuelle St\u00e4rkenset auszuwerten und f\u00fcr die pers\u00f6nliche Zielerreichung nutzbar zu machen.<\/p>\n<\/div>\n\n\n\n<div class=\"wp-block-column is-layout-flow wp-block-column-is-layout-flow\">\n<p>Oder um als F\u00fchrungskraft seinen F\u00fchrungsstil zu reflektieren, z.B. mit dem PERMA Lead Profiler und die Skills des Positive Leaderships zu verbessern.<br>Oder um eigene Antriebsmuster aber auch Energier\u00e4uber bewusster zu kennen und zu verstehen, in welches Umfeld und Kulturen die passenden sind. <\/p>\n<\/div>\n\n\n\n<div class=\"wp-block-column is-layout-flow wp-block-column-is-layout-flow\">\n<p>Und als Team zu erkennen, was die gemeinsame Wertebasis ist, wovon zu viel aber vielleicht auch zu wenig im Team vorhanden ist. Dabei geht es uns nie um den Einsatz von Tools zum Selbstzweck. Und manchmal sind sie einfach eine tolle Erg\u00e4nzung, die Themen auf eine andere Art und Weise sichtbar und damit \u201ebearbeitbar\u201c machen.<\/p>\n<\/div>\n<\/div>\n<\/div>\n\n\n\n<div class=\"wp-block-group alignfull has-base-background-color has-background has-global-padding is-layout-constrained wp-container-core-group-is-layout-d89aad35 wp-block-group-is-layout-constrained\" style=\"margin-top:0;margin-bottom:0;padding-top:var(--wp--preset--spacing--50);padding-right:var(--wp--preset--spacing--50);padding-bottom:var(--wp--preset--spacing--50);padding-left:var(--wp--preset--spacing--50)\">\n<div class=\"wp-block-columns alignwide is-layout-flex wp-container-core-columns-is-layout-549b0c86 wp-block-columns-is-layout-flex\">\n<div class=\"wp-block-column has-global-padding is-content-justification-center is-layout-constrained wp-container-core-column-is-layout-6fe3b5d7 wp-block-column-is-layout-constrained\" style=\"padding-top:0;padding-bottom:0;flex-basis:40%\">\n<p class=\"has-x-large-font-size\">Belastungsanalyse Rufbereitschaft und Bereitschaftsdienst<\/p>\n<\/div>\n\n\n\n<div class=\"wp-block-column is-layout-flow wp-container-core-column-is-layout-e3d1c41b wp-block-column-is-layout-flow\" style=\"flex-basis:60%\">\n<div class=\"wp-block-columns is-layout-flex wp-container-core-columns-is-layout-87beb0d0 wp-block-columns-is-layout-flex\">\n<div class=\"wp-block-column is-layout-flow wp-block-column-is-layout-flow\">\n<p class=\"wp-container-content-9cfa9a5a\">Weil wir unseren Kunden bestm\u00f6gliche L\u00f6sungen bieten wollen, entwickeln wir auch eigene Tools. Die Belastungsanalyse Rufbereitschaft und Bereitschaftsdienst erm\u00f6glicht die einfache, klinikspezifische Erfassung von T\u00e4tigkeiten und Auswertung von Inanspruchnahmen in den oben genannten Diensten.<\/p>\n\n\n\n<figure data-wp-context=\"{&quot;imageId&quot;:&quot;69e0eac919b1c&quot;}\" data-wp-interactive=\"core\/image\" data-wp-key=\"69e0eac919b1c\" class=\"wp-block-image aligncenter size-full is-style-rounded is-style-rounded--1 wp-lightbox-container\"><img loading=\"lazy\" decoding=\"async\" width=\"999\" height=\"565\" data-wp-class--hide=\"state.isContentHidden\" data-wp-class--show=\"state.isContentVisible\" data-wp-init=\"callbacks.setButtonStyles\" data-wp-on--click=\"actions.showLightbox\" data-wp-on--load=\"callbacks.setButtonStyles\" data-wp-on-window--resize=\"callbacks.setButtonStyles\" src=\"https:\/\/elbe-innovations.de\/wp-content\/uploads\/2024\/01\/Bild5.png\" alt=\"\" class=\"wp-image-344\" style=\"object-fit:cover\" srcset=\"https:\/\/elbe-innovations.de\/wp-content\/uploads\/2024\/01\/Bild5.png 999w, https:\/\/elbe-innovations.de\/wp-content\/uploads\/2024\/01\/Bild5-300x170.png 300w, https:\/\/elbe-innovations.de\/wp-content\/uploads\/2024\/01\/Bild5-768x434.png 768w\" sizes=\"auto, (max-width: 999px) 100vw, 999px\" \/><button\n\t\t\tclass=\"lightbox-trigger\"\n\t\t\ttype=\"button\"\n\t\t\taria-haspopup=\"dialog\"\n\t\t\taria-label=\"Vergr\u00f6\u00dfern\"\n\t\t\tdata-wp-init=\"callbacks.initTriggerButton\"\n\t\t\tdata-wp-on--click=\"actions.showLightbox\"\n\t\t\tdata-wp-style--right=\"state.imageButtonRight\"\n\t\t\tdata-wp-style--top=\"state.imageButtonTop\"\n\t\t>\n\t\t\t<svg xmlns=\"http:\/\/www.w3.org\/2000\/svg\" width=\"12\" height=\"12\" fill=\"none\" viewBox=\"0 0 12 12\">\n\t\t\t\t<path fill=\"#fff\" d=\"M2 0a2 2 0 0 0-2 2v2h1.5V2a.5.5 0 0 1 .5-.5h2V0H2Zm2 10.5H2a.5.5 0 0 1-.5-.5V8H0v2a2 2 0 0 0 2 2h2v-1.5ZM8 12v-1.5h2a.5.5 0 0 0 .5-.5V8H12v2a2 2 0 0 1-2 2H8Zm2-12a2 2 0 0 1 2 2v2h-1.5V2a.5.5 0 0 0-.5-.5H8V0h2Z\" \/>\n\t\t\t<\/svg>\n\t\t<\/button><\/figure>\n<\/div>\n\n\n\n<div class=\"wp-block-column is-layout-flow wp-block-column-is-layout-flow\">\n<p>Die Detailtiefe der Erfassung und Auswertung wird zu Projektbeginn mit dem Kunden abgestimmt. Dabei entwickeln wir f\u00fcr Sie angepasste L\u00f6sungen oder Sie k\u00f6nnen auf unsere Standardauswertungen zur\u00fcckgreifen.<\/p>\n\n\n\n<p>Wir begleiten Sie gerne bei diesem Vorhaben oder stellen Ihnen unsere Infrastruktur zur Verf\u00fcgung.<\/p>\n<\/div>\n<\/div>\n<\/div>\n<\/div>\n<\/div>\n\n\n\n<div class=\"wp-block-group alignfull has-base-background-color has-background has-global-padding is-layout-constrained wp-container-core-group-is-layout-d89aad35 wp-block-group-is-layout-constrained\" style=\"margin-top:0;margin-bottom:0;padding-top:var(--wp--preset--spacing--50);padding-right:var(--wp--preset--spacing--50);padding-bottom:var(--wp--preset--spacing--50);padding-left:var(--wp--preset--spacing--50)\">\n<div class=\"wp-block-columns alignwide is-layout-flex wp-container-core-columns-is-layout-549b0c86 wp-block-columns-is-layout-flex\">\n<div class=\"wp-block-column has-global-padding is-content-justification-center is-layout-constrained wp-container-core-column-is-layout-6fe3b5d7 wp-block-column-is-layout-constrained\" style=\"padding-top:0;padding-bottom:0;flex-basis:40%\">\n<p class=\"has-x-large-font-size\">Design Thinking<\/p>\n<\/div>\n\n\n\n<div class=\"wp-block-column is-layout-flow wp-container-core-column-is-layout-e3d1c41b wp-block-column-is-layout-flow\" style=\"flex-basis:60%\">\n<div class=\"wp-block-columns is-layout-flex wp-container-core-columns-is-layout-87beb0d0 wp-block-columns-is-layout-flex\">\n<div class=\"wp-block-column is-layout-flow wp-block-column-is-layout-flow\">\n<p class=\"wp-container-content-9cfa9a5a\">Der St\u00e4rkenkompass ist ein Personalentwicklungs-Tool f\u00fcr die Ermittlung und den gezielten Ausbau individueller St\u00e4rken und Potenziale. Der Einsatz des St\u00e4rkenkompass steigert messbar die Leistung und das Engagement bei Mitarbeitern auf allen hierarchischen Ebenen, in allen denkbaren Einsatzbereichen. Der St\u00e4rkenkompass unterscheidet sich von allen anderen Werkzeugen im Markt der Personalentwicklung durch die Kombination von Peer-Feedback mit einem ausschlie\u00dflichen Fokus auf St\u00e4rken.<\/p>\n<\/div>\n\n\n\n<div class=\"wp-block-column is-layout-flow wp-block-column-is-layout-flow\">\n<p>Der Arbeitgeber-St\u00e4rkenkompass ist eine Online-Befragung zur Ermittlung der Eigenschaften von Arbeitgeber-Marken aus Sicht der Mitarbeitenden. Ergebnis sind die Top 10 Eigenschaften der Arbeitgeber-Marke in vier Bereichen: Leistungen, Mitarbeitende, Unternehmen und Kultur.<\/p>\n<\/div>\n<\/div>\n<\/div>\n<\/div>\n<\/div>\n\n\n\n<div class=\"wp-block-group alignfull has-base-background-color has-background has-global-padding is-layout-constrained wp-container-core-group-is-layout-d89aad35 wp-block-group-is-layout-constrained\" style=\"margin-top:0;margin-bottom:0;padding-top:var(--wp--preset--spacing--50);padding-right:var(--wp--preset--spacing--50);padding-bottom:var(--wp--preset--spacing--50);padding-left:var(--wp--preset--spacing--50)\">\n<div class=\"wp-block-columns alignwide is-layout-flex wp-container-core-columns-is-layout-549b0c86 wp-block-columns-is-layout-flex\">\n<div class=\"wp-block-column has-global-padding is-content-justification-center is-layout-constrained wp-container-core-column-is-layout-6fe3b5d7 wp-block-column-is-layout-constrained\" style=\"padding-top:0;padding-bottom:0;flex-basis:40%\">\n<p class=\"has-x-large-font-size\">Relational Coordination<\/p>\n\n\n\n<div class=\"wp-block-columns is-layout-flex wp-container-core-columns-is-layout-550b1590 wp-block-columns-is-layout-flex\" style=\"padding-top:var(--wp--preset--spacing--10);padding-right:var(--wp--preset--spacing--40);padding-bottom:var(--wp--preset--spacing--10);padding-left:var(--wp--preset--spacing--40)\">\n<div class=\"wp-block-column is-layout-flow wp-block-column-is-layout-flow\"><\/div>\n<\/div>\n<\/div>\n\n\n\n<div class=\"wp-block-column is-layout-flow wp-container-core-column-is-layout-e3d1c41b wp-block-column-is-layout-flow\" style=\"flex-basis:60%\">\n<p class=\"has-large-font-size\">Bestleistung durch gute interdisziplin\u00e4re Zusammenarbeit<\/p>\n\n\n\n<div class=\"wp-block-columns is-layout-flex wp-container-core-columns-is-layout-87beb0d0 wp-block-columns-is-layout-flex\">\n<div class=\"wp-block-column is-layout-flow wp-block-column-is-layout-flow\">\n<p class=\"wp-container-content-9cfa9a5a\">Patientenbehandlung im Krankenhaus ist ein komplexer Prozess, an dem viele Akteure unter Zeitdruck beteiligt sind. Unter welchen Bedingungen diese interdisziplin\u00e4re Zusammenarbeit gut funktioniert und wann alle Beteiligten zu Hochleistungsteams werden, hat Jody Hoffer Gitell mit ihrem Modell Realtional Coordination untersucht und messbar gemacht.<\/p>\n\n\n\n<p class=\"wp-container-content-9cfa9a5a\">Um Bestleistungen in einem Team oder einer Organisation zu erreichen, reicht es nicht aus, nur gut im eigenen Arbeitsgebiet zu sein. Alle m\u00fcssen ihre gegenseitige Abh\u00e4ngigkeit verstehen und bew\u00e4ltigen.<\/p>\n\n\n\n<p>Der Arbeitgeber-St\u00e4rkenkompass ist eine Online-Befragung zur Ermittlung der Eigenschaften von Arbeitgeber-Marken aus Sicht der Mitarbeitenden. Ergebnis sind die Top 10 Eigenschaften der Arbeitgeber-Marke in vier Bereichen: Leistungen, Mitarbeitende, Unternehmen und Kultur.<\/p>\n<\/div>\n\n\n\n<div class=\"wp-block-column is-layout-flow wp-block-column-is-layout-flow\">\n<figure data-wp-context=\"{&quot;imageId&quot;:&quot;69e0eac91a489&quot;}\" data-wp-interactive=\"core\/image\" data-wp-key=\"69e0eac91a489\" class=\"wp-block-image size-full has-custom-border is-style-rounded is-style-rounded--2 wp-lightbox-container\"><img loading=\"lazy\" decoding=\"async\" width=\"815\" height=\"660\" data-wp-class--hide=\"state.isContentHidden\" data-wp-class--show=\"state.isContentVisible\" data-wp-init=\"callbacks.setButtonStyles\" data-wp-on--click=\"actions.showLightbox\" data-wp-on--load=\"callbacks.setButtonStyles\" data-wp-on-window--resize=\"callbacks.setButtonStyles\" src=\"https:\/\/elbe-innovations.de\/wp-content\/uploads\/2024\/01\/Bild4.png\" alt=\"\" class=\"wp-image-343\" style=\"border-style:none;border-width:0px;object-fit:cover\" srcset=\"https:\/\/elbe-innovations.de\/wp-content\/uploads\/2024\/01\/Bild4.png 815w, https:\/\/elbe-innovations.de\/wp-content\/uploads\/2024\/01\/Bild4-300x243.png 300w, https:\/\/elbe-innovations.de\/wp-content\/uploads\/2024\/01\/Bild4-768x622.png 768w\" sizes=\"auto, (max-width: 815px) 100vw, 815px\" \/><button\n\t\t\tclass=\"lightbox-trigger\"\n\t\t\ttype=\"button\"\n\t\t\taria-haspopup=\"dialog\"\n\t\t\taria-label=\"Vergr\u00f6\u00dfern\"\n\t\t\tdata-wp-init=\"callbacks.initTriggerButton\"\n\t\t\tdata-wp-on--click=\"actions.showLightbox\"\n\t\t\tdata-wp-style--right=\"state.imageButtonRight\"\n\t\t\tdata-wp-style--top=\"state.imageButtonTop\"\n\t\t>\n\t\t\t<svg xmlns=\"http:\/\/www.w3.org\/2000\/svg\" width=\"12\" height=\"12\" fill=\"none\" viewBox=\"0 0 12 12\">\n\t\t\t\t<path fill=\"#fff\" d=\"M2 0a2 2 0 0 0-2 2v2h1.5V2a.5.5 0 0 1 .5-.5h2V0H2Zm2 10.5H2a.5.5 0 0 1-.5-.5V8H0v2a2 2 0 0 0 2 2h2v-1.5ZM8 12v-1.5h2a.5.5 0 0 0 .5-.5V8H12v2a2 2 0 0 1-2 2H8Zm2-12a2 2 0 0 1 2 2v2h-1.5V2a.5.5 0 0 0-.5-.5H8V0h2Z\" \/>\n\t\t\t<\/svg>\n\t\t<\/button><\/figure>\n\n\n\n<p>Interdisziplin\u00e4re Teamarbeit funktioniert immer dann gut, wenn<\/p>\n\n\n\n<ul class=\"wp-block-list\">\n<li>Alle ein gemeinsames Ziel verfolgen<\/li>\n\n\n\n<li>Der Umgang miteinander von gegenseitigem Respekt gepr\u00e4gt ist<\/li>\n\n\n\n<li>Gemeinsames Wissen \u00fcber den Arbeitsprozess vorliegt<\/li>\n<\/ul>\n\n\n\n<p>Und die <strong>Kommunikation<\/strong><\/p>\n\n\n\n<ul class=\"wp-block-list\">\n<li>pr\u00e4zise,<\/li>\n\n\n\n<li>rechtzeitig<\/li>\n\n\n\n<li>regelm\u00e4\u00dfig und<\/li>\n\n\n\n<li>l\u00f6sungsorientiert abl\u00e4uft<\/li>\n<\/ul>\n\n\n\n<p>Mit Hilfe eines Assesments kann die Qualit\u00e4t der Zusammenarbeit innerhalb von Teams aber auch zwischen Arbeitsgruppen sichtbar gemacht und gezielt Interventionen entwickelt werden, um die Teamleistung zu verbessern.<\/p>\n<\/div>\n<\/div>\n<\/div>\n<\/div>\n<\/div>\n\n\n\n<div class=\"wp-block-group alignfull has-base-background-color has-background has-global-padding is-layout-constrained wp-container-core-group-is-layout-d89aad35 wp-block-group-is-layout-constrained\" style=\"margin-top:0;margin-bottom:0;padding-top:var(--wp--preset--spacing--50);padding-right:var(--wp--preset--spacing--50);padding-bottom:var(--wp--preset--spacing--50);padding-left:var(--wp--preset--spacing--50)\">\n<div class=\"wp-block-columns alignwide is-layout-flex wp-container-core-columns-is-layout-549b0c86 wp-block-columns-is-layout-flex\">\n<div class=\"wp-block-column has-global-padding is-content-justification-center is-layout-constrained wp-container-core-column-is-layout-654bbd22 wp-block-column-is-layout-constrained\" style=\"padding-top:0;padding-right:0;padding-bottom:0;padding-left:0;flex-basis:40%\">\n<figure class=\"wp-block-image alignleft size-medium is-style-rounded is-style-rounded--3\"><img loading=\"lazy\" decoding=\"async\" width=\"300\" height=\"76\" src=\"https:\/\/elbe-innovations.de\/wp-content\/uploads\/2024\/01\/Bild1-300x76.png\" alt=\"\" class=\"wp-image-345\" style=\"object-fit:cover\" srcset=\"https:\/\/elbe-innovations.de\/wp-content\/uploads\/2024\/01\/Bild1-300x76.png 300w, https:\/\/elbe-innovations.de\/wp-content\/uploads\/2024\/01\/Bild1.png 572w\" sizes=\"auto, (max-width: 300px) 100vw, 300px\" \/><\/figure>\n<\/div>\n\n\n\n<div class=\"wp-block-column is-layout-flow wp-container-core-column-is-layout-e3d1c41b wp-block-column-is-layout-flow\" style=\"flex-basis:60%\">\n<div class=\"wp-block-columns is-layout-flex wp-container-core-columns-is-layout-87beb0d0 wp-block-columns-is-layout-flex\">\n<div class=\"wp-block-column is-layout-flow wp-block-column-is-layout-flow\">\n<p class=\"wp-container-content-9cfa9a5a\">Der St\u00e4rkenkompass ist ein Personalentwicklungs-Tool f\u00fcr die Ermittlung und den gezielten Ausbau individueller St\u00e4rken und Potenziale. Der Einsatz des St\u00e4rkenkompass steigert messbar die Leistung und das Engagement bei Mitarbeitern auf allen hierarchischen Ebenen, in allen denkbaren Einsatzbereichen. Der St\u00e4rkenkompass unterscheidet sich von allen anderen Werkzeugen im Markt der Personalentwicklung durch die Kombination von Peer-Feedback mit einem ausschlie\u00dflichen Fokus auf St\u00e4rken.<\/p>\n<\/div>\n\n\n\n<div class=\"wp-block-column is-layout-flow wp-block-column-is-layout-flow\">\n<p>Der Arbeitgeber-St\u00e4rkenkompass ist eine Online-Befragung zur Ermittlung der Eigenschaften von Arbeitgeber-Marken aus Sicht der Mitarbeitenden. Ergebnis sind die Top 10 Eigenschaften der Arbeitgeber-Marke in vier Bereichen: Leistungen, Mitarbeitende, Unternehmen und Kultur.<br><\/p>\n<\/div>\n<\/div>\n<\/div>\n<\/div>\n<\/div>\n\n\n\n<div class=\"wp-block-group alignfull has-base-background-color has-background has-global-padding is-layout-constrained wp-container-core-group-is-layout-d89aad35 wp-block-group-is-layout-constrained\" style=\"margin-top:0;margin-bottom:0;padding-top:var(--wp--preset--spacing--50);padding-right:var(--wp--preset--spacing--50);padding-bottom:var(--wp--preset--spacing--50);padding-left:var(--wp--preset--spacing--50)\">\n<div class=\"wp-block-columns alignwide is-layout-flex wp-container-core-columns-is-layout-549b0c86 wp-block-columns-is-layout-flex\">\n<div class=\"wp-block-column has-global-padding is-content-justification-center is-layout-constrained wp-container-core-column-is-layout-654bbd22 wp-block-column-is-layout-constrained\" style=\"padding-top:0;padding-right:0;padding-bottom:0;padding-left:0;flex-basis:40%\">\n<figure class=\"wp-block-image alignleft size-medium is-style-rounded is-style-rounded--4\"><img loading=\"lazy\" decoding=\"async\" width=\"300\" height=\"52\" src=\"https:\/\/elbe-innovations.de\/wp-content\/uploads\/2024\/01\/Bild3-300x52.png\" alt=\"\" class=\"wp-image-342\" style=\"object-fit:cover\" srcset=\"https:\/\/elbe-innovations.de\/wp-content\/uploads\/2024\/01\/Bild3-300x52.png 300w, https:\/\/elbe-innovations.de\/wp-content\/uploads\/2024\/01\/Bild3-768x134.png 768w, https:\/\/elbe-innovations.de\/wp-content\/uploads\/2024\/01\/Bild3.png 860w\" sizes=\"auto, (max-width: 300px) 100vw, 300px\" \/><\/figure>\n<\/div>\n\n\n\n<div class=\"wp-block-column is-layout-flow wp-container-core-column-is-layout-e3d1c41b wp-block-column-is-layout-flow\" style=\"flex-basis:60%\">\n<div class=\"wp-block-columns is-layout-flex wp-container-core-columns-is-layout-87beb0d0 wp-block-columns-is-layout-flex\">\n<div class=\"wp-block-column is-layout-flow wp-block-column-is-layout-flow\">\n<p>Die Basis daf\u00fcr stammt aus der Positiven Psychologie. Dieser Zweig der Psychologie erforscht, was Menschen gl\u00fccklich macht und welche Umfeldbedingungen sie ben\u00f6tigen, um ihr volles Potenzial zu entfalten. Vor mehr als 10 Jahren wurde auf Basis der Forschungsergebnisse ein Modell publiziert, das heute als Standard f\u00fcr Potentialentfaltung gesehen wird: das PERMA-Modell.<\/p>\n<\/div>\n\n\n\n<div class=\"wp-block-column is-layout-flow wp-block-column-is-layout-flow\">\n<p>Jeder Buchstabe steht f\u00fcr eine Voraussetzung, die gegeben sein muss, damit Menschen ihr volles Potenzial entfalten. Und jeder einzelne Aspekt davon ist beeinflussbar und messbar. Offensichtlich gibt es also Faktoren, die wie N\u00e4hrstoffe f\u00fcr die menschliche Potentialentfaltung sind.<br>PERMA-Lead ist ein Positive Leadership Ansatz, der konkrete Verhaltensweisen f\u00fcr F\u00fchrungsverhalten beschreibt, der Mitarbeiterinnen und Mitarbeiter positiv beeinflusst.<\/p>\n\n\n\n<p><br><\/p>\n<\/div>\n<\/div>\n<\/div>\n<\/div>\n<\/div>\n\n\n\n<div class=\"wp-block-group alignfull has-base-background-color has-background has-global-padding is-layout-constrained wp-container-core-group-is-layout-d89aad35 wp-block-group-is-layout-constrained\" style=\"margin-top:0;margin-bottom:0;padding-top:var(--wp--preset--spacing--50);padding-right:var(--wp--preset--spacing--50);padding-bottom:var(--wp--preset--spacing--50);padding-left:var(--wp--preset--spacing--50)\">\n<div class=\"wp-block-columns alignwide is-layout-flex wp-container-core-columns-is-layout-549b0c86 wp-block-columns-is-layout-flex\">\n<div class=\"wp-block-column has-global-padding is-content-justification-center is-layout-constrained wp-container-core-column-is-layout-6fe3b5d7 wp-block-column-is-layout-constrained\" style=\"padding-top:0;padding-bottom:0;flex-basis:40%\">\n<figure class=\"wp-block-image alignleft size-medium is-style-rounded is-style-rounded--5\"><img loading=\"lazy\" decoding=\"async\" width=\"300\" height=\"167\" src=\"https:\/\/elbe-innovations.de\/wp-content\/uploads\/2024\/01\/Bild2-300x167.png\" alt=\"\" class=\"wp-image-341\" style=\"object-fit:cover\" srcset=\"https:\/\/elbe-innovations.de\/wp-content\/uploads\/2024\/01\/Bild2-300x167.png 300w, https:\/\/elbe-innovations.de\/wp-content\/uploads\/2024\/01\/Bild2.png 700w\" sizes=\"auto, (max-width: 300px) 100vw, 300px\" \/><\/figure>\n<\/div>\n\n\n\n<div class=\"wp-block-column is-layout-flow wp-container-core-column-is-layout-e3d1c41b wp-block-column-is-layout-flow\" style=\"flex-basis:60%\">\n<div class=\"wp-block-columns is-layout-flex wp-container-core-columns-is-layout-87beb0d0 wp-block-columns-is-layout-flex\">\n<div class=\"wp-block-column is-layout-flow wp-block-column-is-layout-flow\">\n<p class=\"wp-container-content-9cfa9a5a\">Das Ziel ist es, Menschen und Organisationen dabei zu helfen, ihre Denk-, F\u00fchl- und Handlungsmuster besser zu identifizieren, zu verstehen und diese aktiv zu f\u00f6rdern. Dabei arbeitet Profile Dynamics \u00ae auf dem Grundsatz Menschen sind gl\u00fccklicher, wenn die Arbeit ihrer inneren Motivation entspricht und sie sich dadurch mehr engagieren und besser Leistung erbringen, wovon letztlich das gesamte Unternehmen profitiert.<\/p>\n<\/div>\n\n\n\n<div class=\"wp-block-column is-layout-flow wp-block-column-is-layout-flow\">\n<p>Die Profile Dynamics\u00ae Methode<\/p>\n\n\n\n<ol class=\"wp-block-list\">\n<li>Gibt einen Einblick in die pers\u00f6nlichen Wertesysteme der Menschen.<\/li>\n\n\n\n<li>Zeigt, wie sich diese Wertesysteme auf die Team- und Organisationskultur auswirken.<\/li>\n\n\n\n<li>Und gibt Werkzeuge an die Hand, um mit Einzelpersonen und Teams zu arbeiten und die Organisation zu verbessern.<br><\/li>\n<\/ol>\n<\/div>\n<\/div>\n<\/div>\n<\/div>\n<\/div>\n","protected":false},"excerpt":{"rendered":"<p>Manchmal ist der Einsatz von Tools in Projekten sinnvoll. Um eine wertsch\u00e4tzende Feedbackkultur oder starke Arbeitgebermarke aufzubauen oder im Einzelcoaching das ganz individuelle St\u00e4rkenset auszuwerten und f\u00fcr die pers\u00f6nliche Zielerreichung nutzbar zu machen. Oder um als F\u00fchrungskraft seinen F\u00fchrungsstil zu reflektieren, z.B. mit dem PERMA Lead Profiler und die Skills des Positive Leaderships zu verbessern.Oder [&hellip;]<\/p>\n","protected":false},"author":2,"featured_media":41,"parent":0,"menu_order":50,"comment_status":"closed","ping_status":"closed","template":"","meta":{"footnotes":""},"class_list":["post-78","page","type-page","status-publish","has-post-thumbnail","hentry"],"aioseo_notices":[],"_links":{"self":[{"href":"https:\/\/elbe-innovations.de\/index.php\/wp-json\/wp\/v2\/pages\/78","targetHints":{"allow":["GET"]}}],"collection":[{"href":"https:\/\/elbe-innovations.de\/index.php\/wp-json\/wp\/v2\/pages"}],"about":[{"href":"https:\/\/elbe-innovations.de\/index.php\/wp-json\/wp\/v2\/types\/page"}],"author":[{"embeddable":true,"href":"https:\/\/elbe-innovations.de\/index.php\/wp-json\/wp\/v2\/users\/2"}],"replies":[{"embeddable":true,"href":"https:\/\/elbe-innovations.de\/index.php\/wp-json\/wp\/v2\/comments?post=78"}],"version-history":[{"count":2,"href":"https:\/\/elbe-innovations.de\/index.php\/wp-json\/wp\/v2\/pages\/78\/revisions"}],"predecessor-version":[{"id":499,"href":"https:\/\/elbe-innovations.de\/index.php\/wp-json\/wp\/v2\/pages\/78\/revisions\/499"}],"wp:featuredmedia":[{"embeddable":true,"href":"https:\/\/elbe-innovations.de\/index.php\/wp-json\/"}],"wp:attachment":[{"href":"https:\/\/elbe-innovations.de\/index.php\/wp-json\/wp\/v2\/media?parent=78"}],"curies":[{"name":"wp","href":"https:\/\/api.w.org\/{rel}","templated":true}]}}